alculate the highest common factor of r and i.
46
Let c = 55 - 23. Suppose k = -3*k + c. Suppose 2*g - s = -3*g + 321, g - 62 = -2*s. What is the highest common divisor of g and k?
8
Suppose 294*o - 195 = 289*o. Suppose -2*n = 2*r - 98, 5*n = 5*r - o + 274. What is the highest common divisor of n and 72?
24
Suppose -5*n - 91 = -4*j - 0*n, -3*j = -n - 71. Suppose 0 = 30*h - 33*h + j. Calculate the highest common divisor of 28 and h.
4
Suppose -5*g - 35 = f, -23*f + 19*f = 2*g + 14. Let r be (-9698)/(-18) - ((-366)/(-54) + g). What is the greatest common factor of 49 and r?
49
Suppose 2*h = -38 + 46. Let b be 1/(196/48 - h). Let i = -160 - -268. Calculate the greatest common factor of i and b.
12
Suppose -b - 11 = -q, -2*b = 4*q + 5 + 5. Let g be (-165)/(-25) + b/15. Suppose -g*y = -11*y + 40. What is the highest common factor of y and 32?
8
Suppose 31*w = 1980 + 2515. What is the highest common factor of w and 55?
5
Suppose 0 = -4*g - l + 26, 0 = -0*g - 5*g + 3*l + 24. Let f = g + 26. Calculate the greatest common factor of 128 and f.
32
Let r = 14595 + -14577. What is the highest common divisor of 1428 and r?
6
Suppose 96*s = 99*s + k - 838, 4*s + 4*k - 1120 = 0. Calculate the highest common factor of s and 45.
9
Let p = -18755 - -18772. What is the greatest common factor of 1139 and p?
17
Suppose -1779*i - 1500 = -1809*i. What is the greatest common factor of 4475 and i?
25
Let n = 600 - 546. Suppose -n*a + 44*a = -380. What is the greatest common factor of 190 and a?
38
Suppose -2*s + 70234 - 70154 = -s. Let t be (-3)/((3/(-32))/1). What is the greatest common factor of s and t?
16
Let z be (1 - -4)/(-5)*(2 - -77). Let j = z - -79. Suppose -3*r + 65 + 7 = j. Calculate the highest common factor of r and 18.
6
Suppose 7*s = 9*s - 9896. Suppose -s = -10*c - 2098. Calculate the greatest common factor of c and 30.
15
Let x = 99 + -60. Let q be (-12)/(-80)*2*-5*-2. Calculate the highest common factor of x and q.
3
Suppose 3*z = 4*o - 8052, 0 = -3*o + 111*z - 112*z + 6052. What is the greatest common factor of o and 32?
32
Suppose -2*v = 3*z - 854 + 229, 5*z = 5*v + 1025. Suppose -211*b = -z*b - 280. What is the greatest common divisor of b and 35?
35
Let u(v) = -2*v + 88. Suppose -2*r + 6*x + 65 = 5*x, -5*r - 5*x + 170 = 0. Let z be u(r). What is the greatest common factor of 77 and z?
11
Let c(i) = 19*i**2 + 199*i + 123. Let u(y) = -9*y**2 - 100*y - 62. Let l(j) = -6*c(j) - 13*u(j). Let k be l(-36). What is the highest common factor of k and 28?
28
Suppose 2*z + 25*k - 848 = 29*k, -5*z = k - 2109. What is the greatest common factor of 8651 and z?
211
Suppose -2*r + 3 = 2*i - 577, -3*i = 4*r - 874. Calculate the greatest common factor of 44 and i.
22
Let w(g) = -g**2 + 17*g - 75. Let j be w(5). Let y(x) = -x**3 - 17*x**2 - 33*x - 39. Let h be y(j). Calculate the greatest common factor of h and 15.
3
Suppose -15*d - 430 = -25*d. Suppose -103*t = -d*t - 20700. What is the greatest common divisor of t and 276?
69
Let u be 159/2 - (-5)/10. Let i(s) = s**3 + 13*s**2 + 8*s + 144. Let o be i(-13). Calculate the greatest common factor of u and o.
40
Let h = -112 - -148. Let i be (-15 + -2 + 1)*h/(-24). What is the greatest common factor of 8 and i?
8
Let p(y) = -6*y + 3. Let g be p(10). Let r = -47 - g. Let i = r + 21. What is the highest common factor of i and 31?
31
Suppose 0 = -309*z + 315*z - 5610. What is the highest common factor of z and 2635?
85
Suppose -2*d - s + 66 = -64, 3*s - 75 = -d. Let h(a) = a**2 - a + 9. Let k be h(0). What is the greatest common divisor of k and d?
9
Let t(d) be the second derivative of 48*d + 11/20*d**5 + 0*d**3 + 0 + d**2 - 1/6*d**4. Let x be t(1). Calculate the highest common divisor of 2 and x.
1
Let m be ((56/252)/(2/21))/(1/471). Calculate the greatest common factor of 49 and m.
7
Suppose -3*o = 3*y - 7578, -y + 9*o + 2517 = 13*o. What is the greatest common divisor of y and 9?
9
Suppose -2281*v = -2334*v + 2226. Calculate the highest common divisor of 1820 and v.
14
Let y be -4*(-1785)/660 + (-2)/(-11). Suppose -c - 5 = 0, 0*s - c - 4 = -s. Let v be s/(2/(-22) + 0). What is the highest common divisor of y and v?
11
Suppose 18*f - 19*f - 73 = 0. Let i = 138 + f. Let r = 90 - i. Calculate the highest common factor of r and 25.
25
Let j(t) = 4 - 3*t**2 + 13*t**2 - 9*t**2 - 8*t. Suppose -y - 13 = 2*f, -3*y = -4*f + 4 - 5. Let b be j(f). Calculate the highest common factor of b and 13.
13
Suppose -j + 1010 = 3*z, -5*j + 8 = -j. Suppose -6*i + z = -i - 4*h, 209 = 3*i + 5*h. What is the greatest common divisor of i and 12?
4
Suppose 169*w + 25760 = 209*w. Calculate the highest common factor of w and 460.
92
Let q be (-4*(-10)/(-20))/(1/10). Let y be (-117)/(-6)*q/(-15). Calculate the greatest common factor of 416 and y.
26
Suppose -5*t - 38 = -2*b, 48 = -108*b + 112*b - 3*t. What is the highest common divisor of 2559 and b?
3
Suppose 76 = 9*j - 230. Suppose 2*u + x = -j + 97, -u - x = -31. Suppose 0 = -5*v - 15, -u = -p - 2*v + 4*v. Calculate the greatest common factor of p and 182.
26
Let s = 30 + 82. Let z be 10 - ((0 - -3) + 2/1). Suppose -5*t + 2*t = z*r - 64, r - 4 = -5*t. Calculate the highest common divisor of r and s.
14
Let o(d) = 5*d**2 + 6*d + 10. Let x be o(6). Let r = x - 194. What is the highest common factor of 24 and r?
8
Let l(w) = -w**2 - 12. Let q be l(12). Let g be q/5*(-490)/21. Calculate the greatest common divisor of g and 28.
28
Let m be 135/225 - (-2 - (-15992)/(-5)). What is the highest common factor of 33 and m?
33
Suppose 9*m = -210 + 228. Suppose -2*u + 2 = 0, -3*q + 70 = 13*u - 12*u. What is the highest common factor of m and q?
1
Let s(q) = 4*q**2 - 5*q**2 + 2*q**2 + 3*q + 6 - 11*q. Suppose 0 = -p - 4 + 14. Let g be s(p). Calculate the greatest common factor of g and 13.
13
Let w(q) = -2 - 3*q**2 + 2*q**2 + 10*q - 2. Let a be w(9). Suppose -a*p + 88 = 5*f - 47, 4*p + 153 = 5*f. Calculate the highest common divisor of f and 319.
29
Let u(m) = 106*m**2 - 12*m - 20. Let i be u(-2). Calculate the greatest common factor of i and 6634.
214
Suppose 3*y = -4*k + 117, 0 = k - 7*y + 2*y - 12. Suppose t + b - 40 = 0, -119 = -2*t - b - 43. Calculate the highest common divisor of t and k.
9
Let k(j) = -2*j**3 - 14*j**2 - 16*j + 1. Let l be k(-8). Let z = l + -149. Let c = -92 + 104. Calculate the greatest common factor of c and z.
12
Let u = 44449 + -43201. What is the highest common factor of u and 117?
39
Suppose -10868 = -77*j - 341*j. Let z = 25 + 40. Calculate the greatest common divisor of j and z.
13
Let y be (2205/588)/(6/1904). What is the highest common factor of 20 and y?
10
Let x be 84/18*(8 - (-250)/(-35)). Let i = 13 - 14. Let m be i/1 + 14 + 3. Calculate the greatest common factor of m and x.
4
Suppose -3*f = 1191*d - 1192*d - 3322, 4*d = -5*f + 5497. Calculate the highest common divisor of 39 and f.
13
Let f(m) = -19 - 2*m - 2 - 6*m + m. Let o be f(-10). What is the greatest common divisor of o and 7?
7
Let p = -4265 + 4367. What is the highest common divisor of p and 374?
34
Let i be (85/34)/((-1)/(-2)). Let v(d) = 43 - 2*d - 11 + 14*d - 8 + 4*d**2. Let y be v(-4). Calculate the greatest common factor of y and i.
5
Let v be ((-14)/7)/((-1)/9*3). Suppose 0 = -v*c + 1709 + 2893. What is the greatest common factor of 13 and c?
13
Suppose -1101 + 202 = -5*j + 701. Calculate the highest common factor of j and 3680.
160
Suppose 0 = 5*t - 29*w + 25*w - 18872, 3*t + 5*w = 11375. What is the highest common divisor of t and 1540?
140
Suppose -5*d + 7 = -8. Suppose 18 = -4*t + a + 122, 0 = 3*t + a - 71. Let m = t + -10. What is the highest common divisor of d and m?
3
Let y = 2989 + -2955. What is the highest common factor of 765 and y?
17
Let a = -352 - -356. Let b be (-3730)/(-20) - (-2)/a. Calculate the greatest common factor of 22 and b.
11
Let n(o) = -181*o - 352. Let j be n(-6). Let h = j - 727. What is the greatest common divisor of 847 and h?
7
Let y(x) = -32*x - 110 - 4*x + 17*x. Let i be y(-11). Suppose -13 - 9 = -2*c. Calculate the greatest common factor of c and i.
11
Let y(t) = 36*t**2 - 3*t - 1. Let c be y(-1). Let m = -32 + c. Let j be ((-7)/2)/(15/m + -3). Calculate the highest common divisor of 7 and j.
7
Suppose -3*v + 73 = 25. Let o = 265 + -259. Let c be (o + -419)/(-7) - 